+ 4*y - 4. Suppose -4 = 68*x - 276. Determine t(x).
-20
Let f(i) = 5*i - 110. Let p(g) = g - 17. Let w(o) = -2*f(o) + 13*p(o). Suppose -2*v + 19 = -0*v + 5*k, 0 = -3*v + 2*k. Suppose v*s = -s + 9. Give w(s).
8
Let l(d) be the first derivative of -1/4*d**4 - 2/3*d**3 + 63 + 3*d + 1/2*d**2. Suppose 5*n = -0*z + 3*z - 15, 0 = 3*n + 2*z + 9. Calculate l(n).
9
Suppose 3*l - 6*l + 10 = -5*o, l + o - 6 = 0. Let m(p) = -12*p - 3*p**2 + l*p**2 - p**2 - 2 + 5*p. Determine m(4).
-14
Let d(u) = -3*u + 3. Let p be d(-1). Suppose -9*n = -8*n + p. Let z(o) = 8*o - 7*o**2 + 8 - 5*o**3 + 2*o**2 + 4*o**3. Determine z(n).
-4
Let o(w) be the second derivative of w**3/3 - 3*w**2/2 + 2*w. Let q = 55 - 65. Let u(d) = -d - 7. Let i be u(q). What is o(i)?
3
Let r(c) = -c**2 - 6*c - 4. Let o = 88 - 87. Suppose -7*x = z - 9*x - o, -3*z - 30 = 5*x. Give r(z).
1
Let t(v) = 2*v**2 + 0*v - 2*v - 3 - v. Let i = 87 - 80. Suppose i*x = 21 - 0. Give t(x).
6
Let h(i) be the first derivative of -i**3/3 - 3*i**2/2 - 3*i - 1. Suppose -8*z + 21 + 27 = 0. Suppose 0 = 9*w - 6*w + 2*r + 16, -5*r - z = -w. Determine h(w).
-7
Let r(o) = 3*o**3 - 2*o**2 - o. Let x be r(-1). Let h(v) = 2*v - 4. Let k(g) = 2. Let a(j) = h(j) + 4*k(j). Determine a(x).
-4
Let j(b) = 5*b**2 - 32*b - 12. Let z be (-5)/(-2) + (-2)/(-4). Let u(n) = -2*n**2 + 11*n + 4. Let m(t) = z*j(t) + 8*u(t). Give m(-3).
11
Let x(q) = -3*q - 13. Suppose 47 = -9*s - 7. Determine x(s).
5
Let i(l) = 23. Let s(r) = r - 23. Let f(k) = -3*i(k) - 4*s(k). Determine f(6).
-1
Let p(x) = -6*x + x**3 + 11 - 4*x**2 - 11. Let j be 17/((-680)/32) - (-29)/5. What is p(j)?
-5
Let g = 15 + -13. Let s(o) = -o**2 - 2 + 2 - 3 - 2*o**2 + 4*o. Determine s(g).
-7
Let z(p) = p**2 - 3*p + 1. Suppose -5*b = -7*b. Suppose -3*t = d - 7, b = -3*t + 2*d + 11 + 2. Determine z(t).
1
Let z(r) be the second derivative of -1/3*r**3 + 0 + 2*r + 3/2*r**2. Suppose -2*u + 9 - 19 = 0, 4*k = -2*u + 10. What is z(k)?
-7
Let h(b) = -3*b + 10. Let i(y) = 7*y + 36. Let v(q) = -2*q**2 - 18*q - 4. Let r be v(-9). Let n be i(r). What is h(n)?
-14
Let f(g) = 9*g + 1. Suppose 3 + 2 = -3*l - 4*x, 3*x = 3. Give f(l).
-26
Let c(n) = n**2 + 4*n - 18. Let r(z) = -2*z**3 + 64*z**2 + 2*z - 70. Let j be r(32). Calculate c(j).
-6
Suppose 8*d + 11 = 7*d - 5*k, 5*d - 17 = -k. Let f(u) = -u**3 + 3*u**2 + 2*u + 4. What is f(d)?
-4
Suppose 0 = -3*f - 21 + 3. Suppose -6*c - 25 = -c. Let x(h) = 3*h**2 - 11*h - 12. Let b(k) = -k**2 + 6*k + 6. Let n(i) = c*b(i) - 2*x(i). Determine n(f).
6
Let z(f) = f**3 - 6*f**2 + f - 7. Let b(x) = -x**2 - 18*x - 60. Let c be b(-13). What is z(c)?
-27
Let y(m) = -m**2 + 3*m**2 - 3*m**2 + 3 + 0*m**2. Give y(-3).
-6
Let x(v) be the first derivative of v**2 + 0*v + 5 - 1/3*v**3. What is x(2)?
0
Suppose 0 = -0*u - 5*u + 5. Suppose 3 = c - u. Let d(f) = -c*f - 186 - 2*f + 185 - f**2. Determine d(-4).
7
Let f(a) = -13*a + 11. Let c(p) = -2 - 12*p - 10*p - 4*p + 27*p. Let k(l) = -5*c(l) - f(l). Give k(2).
15
Let c(k) = k**2 + 2*k + 1. Let h be (-2)/(-4)*2 + -2. Let i be c(h). Let u(x) = -69 + 4*x - 3*x + 76. What is u(i)?
7
Let d(j) = 27 + 26 - 121 - j + 30 + 26. Let k = -4 + 4. What is d(k)?
-12
Let u(o) = -8 - 6 + 0*o**2 - o**2 - 101*o + 96*o + 5. What is u(-7)?
-23
Let v(q) be the second derivative of -1/20*q**5 + 19*q + 2/3*q**4 + 0 + 3*q**2 - 1/6*q**3. Give v(8).
-2
Let o be (-65)/(-2) + -4 + 1/2. Let w(x) = -o + 6*x - 4*x + 25. Calculate w(-5).
-14
Let f(i) = -i. Let b(k) be the third derivative of k**5/60 + 5*k**4/12 + 11*k**3/6 - 18*k**2. Let d be b(-8). What is f(d)?
5
Let q(l) be the first derivative of -l**3 + 2*l**2 - 4*l + 378. Calculate q(2).
-8
Let k(s) = -s**3 + 3*s**2 + 2*s - 1. Let a be (9 + -1)/(2/5). Suppose -d + a = 4*d. Suppose 0 = -g + d. Give k(g).
-9
Let m be 1/(-2 - (-6)/4). Let o = m + -3. Let z(a) = a - 6. Let f(g) = -3*g + 17. Let k(y) = 4*f(y) + 11*z(y). Calculate k(o).
7
Let o(c) be the first derivative of c**5/60 + c**4/12 + c**3/3 + 15*c**2 - 18. Let h(n) be the second derivative of o(n). Calculate h(-3).
5
Let u(c) be the second derivative of 5*c**3/6 - 7*c**2/2 - 88*c. Suppose -4*n = -5*k + 56, -4*k = -0*k - 4*n - 48. Determine u(k).
33
Let h(w) = -12*w**2 - 2*w - 2. Let t(x) = 12*x**2 + 3*x + 3. Let b(l) = -3*h(l) - 2*t(l). Suppose -9*o = -3*o + 6. Determine b(o).
12
Let t(h) = -h**3 + h**2 + h. Let f be 28/7 + 11 + 2. Let w = f + -17. Suppose -4*s = w, -s + 1 = g - 2*s. Give t(g).
1
Suppose -4*u + 9 = 1. Let a = 18 + -13. Let v(k) = -1 - k + a*k**2 + k**3 - 7*k**2 + 0*k**3. What is v(u)?
-3
Let d(j) = 6*j**2 - 1. Let q be d(-1). Suppose q*t + 2 = 3*t + 2*p, 0 = 5*t + 2*p - 23. Let k(a) = -2*a**2 + 4*a. Give k(t).
-6
Let y(x) = x**3 + 4*x**2 + 3*x + 5. Let l = -72 - -75. Let b be 8/(-6)*(l - 0). Give y(b).
-7
Let q(f) = -11 - 2*f - 4*f + 5*f. Let x be 231/132 - (-14)/(-8). Give q(x).
-11
Let g(a) be the first derivative of -a**4/8 + 3*a**3/2 + 5*a**2/2 + 1. Let p(z) be the second derivative of g(z). Let h = -110 + 116. What is p(h)?
-9
Let g(k) = 12*k**2 - k**3 - 5*k - 3*k**2 + 4*k - 3*k**2 + 1. Let z(b) = -b**3 + 7*b**2 - b + 2. Let h(f) = 5*g(f) - 6*z(f). Determine h(12).
5
Let z(n) = -4*n**2 - 93*n - 5*n**2 + 96*n + 4*n**2 + 8*n**2. Determine z(-3).
18
Let y(t) = -t**2 + 4*t + 7. Let k be y(5). Let j(x) = 2 + 5*x - k. Let p be (-3)/1 + 3 - -1. What is j(p)?
5
Let x(s) = -4*s + 2. Let o be -1 - (-8 + 4) - (-1 - 19). Suppose -4*y + 3*z = -o, -2*z - z - 11 = 2*y. Determine x(y).
-6
Suppose v = q + q, -2 = -4*q + 3*v. Let c(t) = -t**2 - 2 - 5*t + 8 - 15*t**2 + 12*t. Let x(m) = -33*m**2 + 15*m + 13. Let z(k) = -13*c(k) + 6*x(k). Give z(q).
11
Let a(u) = 3 - 3*u - 7325*u**2 - 1 + 7328*u**2. Let t be 2/9 - (-25)/9. Let z = t + -1. Calculate a(z).
8
Let v(s) be the first derivative of 14 + 3*s + 1/2*s**2. Calculate v(-6).
-3
Let a(z) = z**3 - 11*z**2 + 16*z - 4. Let j(i) = i**3 - 11*i**2 + 18*i - 4. Let f(d) = -4*a(d) + 3*j(d). Give f(10).
4
Let a = -112 - -111. Let f(h) = -h**3 + 5*h - 1. Let w(l) = -l**2 + l + 1. Let r(n) = a*f(n) + 4*w(n). Calculate r(4).
1
Let c(z) = -3*z**3 - z**2 - z. Let h be c(-1). Let x(o) = h - o**2 - 4 - o + 1. Let n(g) = -2*g**2 - 9*g + 1. Let r(y) = -n(y) + 6*x(y). What is r(2)?
-11
Let b(a) = a - 3. Let m be b(4). Let r = m + 2. Suppose 4*k + 4 = r*w + 24, 5*w = 5*k - 25. Let j(u) = u - 3. Calculate j(w).
-3
Let g(f) be the third derivative of -f**6/720 - 3*f**5/40 + 11*f**4/12 + 9*f**2. Let n(y) be the second derivative of g(y). Give n(-5).
-4
Let d(b) = -2*b + 8. Let x be d(9). Let s(v) be the second derivative of -v**5/20 - 11*v**4/12 - 3*v**3/2 + 9*v**2/2 + 2*v - 51. Calculate s(x).
-1
Let a(y) = -y. Let h(i) = 10*i - 1. Let m = -5 + 7. Suppose -2 - m = -4*w. Let t(b) = w*h(b) - a(b). Give t(1).
10
Let d(m) = -m**2 - 7*m - 6. Let s be ((-909)/(-12))/3 + 1/(-4). Suppose 4*r = t + 5, -t - 4*t = 4*r + s. Determine d(t).
4
Let l(t) = -26*t + 97. Let u(j) = 14*j - 49. Let d(o) = -6*l(o) - 11*u(o). Calculate d(21).
-1
Let p(m) be the first derivative of m**2/2 + m - 147. Let g = -15 + 8. Calculate p(g).
-6
Let n(r) = -r**2 + 3*r + 2. Let t be n(3). Suppose t*u + 2*u = 0. Let i(g) = -34*g + 24. Let s(w) = 41*w - 28. Let h(l) = 6*i(l) + 5*s(l). Give h(u).
4
Let r = 472 - 475. Let c(y) = y**3 + 2*y**2 - 2*y + 1. Determine c(r).
-2
Suppose -5*l = -5*y, 0*l - 5 = 3*l - 4*y. Let v(s) = -s**3 + 5*s**2 + 2*s - 7. What is v(l)?
3
Let k(r) be the second derivative of r**6/120 - 7*r**3/3 - 2*r**2 + 5*r. Let u(q) be the first derivative of k(q). Calculate u(0).
-14
Suppose 5*j = -c + 81, -3*j + 4*c + 71 = -c. Let o = j - 27. Let g = 17 + o. Let u(r) = r**3 - 7*r**2 + 2. What is u(g)?
2
Suppose -3*i + 4 = 2*n + 21, 5*n - 10 = 0. Let b(c) = 226*c + 25. Let q(f) = 91*f + 12. Let m(j) = -2*b(j) + 5*q(j). Give m(i).
-11
Let t(r) = r**2 + 18*r + 60. Let m be t(-14). Let z(q) = -4*q - 14*q + 17*q - m. What is z(10)?
-14
Let m(i) = i**3 - i**2 - i - 4. Suppose 0 = 3*a - 14 - 4. Suppose -3*k - 6 = 2*u, 0*k = 3*u - 3*k - a. Give m(u).
-4
Let s = -396 - -399. Let r(v) = -v**3 + 4*v**2 - 2. Calculate r(s).
7
Let s(f) = -9*f**2 - 5*f + 4. Let l(x) = 8*x**2 + 4*x - 3. Let b(y) = -4*l(y) - 3*s(y). Suppose -30*u + 21*u - 9 = 0. Determine b(u).
-4
Suppose 0 = 4*i + 119 - 27. Let x = i + 28. Let h(p) = x*p**2 - p**3 - 2 - 15*p**2 + 